Is 7 a factor of 28812?
True
Is 179634 a multiple of 47?
True
Is 2090 a factor of 20649663?
False
Is 158868 a multiple of 36?
True
Does 6 divide 23164?
False
Is 202 a factor of 93960?
False
Does 103 divide 208202?
False
Is 25 a factor of 967725?
True
Is 5657835 a multiple of 195?
False
Is 5604481 a multiple of 33?
False
Does 94 divide 15001777?
False
Does 40 divide 11615?
False
Is 68 a factor of 148036?
True
Is 1336618 a multiple of 126?
False
Does 46 divide 182390?
True
Is 383880 a multiple of 120?
True
Is 22035 a multiple of 6?
False
Is 54908 a multiple of 7?
True
Does 283 divide 1704331?
False
Is 51040 a multiple of 80?
True
Is 15 a factor of 2040030?
True
Is 314216 a multiple of 36?
False
Does 35 divide 776580?
True
Is 74 a factor of 477892?
True
Does 320 divide 75840?
True
Does 5 divide 520265?
True
Is 57 a factor of 14797371?
True
Does 68 divide 199036?
True
Is 914922 a multiple of 18?
True
Is 19 a factor of 54646?
False
Is 22 a factor of 477114?
True
Does 2254 divide 23515982?
True
Is 4 a factor of 480588?
True
Is 44 a factor of 6633550?
False
Is 53 a factor of 317046?
True
Does 7 divide 216203?
False
Does 24 divide 296385?
False
Does 1784 divide 10102792?
True
Is 17 a factor of 116994?
True
Is 133 a factor of 134064?
True
Is 36100 a multiple of 2?
True
Does 181 divide 1378315?
True
Does 8 divide 80856?
True
Is 100 a factor of 15395784?
False
Does 70 divide 101765?
False
Does 93 divide 3502741?
False
Does 27 divide 424224?
True
Is 7511 a multiple of 2?
False
Is 15797510 a multiple of 32?
False
Is 1368868 a multiple of 46?
True
Is 8 a factor of 345191?
False
Is 465 a factor of 8591708?
False
Is 71 a factor of 95637?
True
Is 1403265 a multiple of 15?
True
Is 14 a factor of 100002?
True
Is 304 a factor of 2473648?
True
Is 839178 a multiple of 69?
True
Is 183175 a multiple of 431?
True
Is 329 a factor of 312203?
False
Is 12384 a multiple of 16?
True
Is 344509 a multiple of 11?
True
Does 120 divide 83040?
True
Does 242 divide 7215714?
True
Does 30 divide 61384?
False
Is 1148754 a multiple of 11?
False
Is 350944 a multiple of 11?
True
Is 182697 a multiple of 98?
False
Is 144749 a multiple of 151?
False
Is 11 a factor of 316642?
False
Is 101 a factor of 1040603?
True
Is 1947446 a multiple of 505?
False
Does 96 divide 195770?
False
Does 197 divide 4714998?
True
Is 520 a factor of 670800?
True
Does 99 divide 42314?
False
Is 108 a factor of 10726020?
True
Does 37 divide 61124?
True
Is 112 a factor of 134624?
True
Does 28 divide 817466?
False
Is 1293363 even?
False
Is 472318 a multiple of 77?
True
Does 61 divide 105071?
False
Is 3 a factor of 543893?
False
Is 6968 a multiple of 104?
True
Is 107117 a multiple of 34?
False
Does 78 divide 1204008?
True
Does 5 divide 427205?
True
Is 80 a factor of 44640?
True
Is 1694997 a multiple of 114?
False
Is 10 a factor of 18220?
True
Is 284952 a multiple of 24?
True
Is 49 a factor of 46256?
True
Is 100987 a multiple of 125?
False
Is 2011655 a multiple of 9?
False
Is 26771 a multiple of 19?
True
Is 5591108 a multiple of 741?
False
Is 2112815 a multiple of 278?
False
Does 567 divide 175366?
False
Does 65 divide 95160?
True
Does 63 divide 24662043?
True
Is 30774 a multiple of 21?
False
Is 10 a factor of 2139980?
True
Is 234 a factor of 17443764?
True
Is 97200 a multiple of 72?
True
Is 1073 a factor of 10686007?
True
Does 45 divide 122040?
True
Is 209 a factor of 63890?
False
Is 109 a factor of 1043130?
True
Is 9 a factor of 19954746?
True
Is 2325 a factor of 2250600?
True
Is 83641 a multiple of 52?
False
Is 348018 a multiple of 2?
True
Is 889253 a multiple of 122?
False
Is 1824627 a multiple of 551?
False
Does 458 divide 327537?
False
Is 4 a factor of 132818?
False
Is 77 a factor of 1551935?
True
Does 5 divide 98040?
True
Is 72825 a multiple of 13?
False
Is 256587 a multiple of 267?
True
Is 360 a factor of 393487?
False
Is 666397 a multiple of 110?
False
Does 9 divide 44829?
True
Is 14 a factor of 214568?
False
Is 136 a factor of 112744?
True
Does 72 divide 92229?
False
Is 3281843 a multiple of 41?
False
Is 112563 a multiple of 11?
True
Does 7 divide 155819?
False
Does 241 divide 38801?
True
Is 952522 a multiple of 7?
False
Does 405 divide 1492830?
True
Is 1477 a multiple of 29?
False
Is 119762 a multiple of 150?
False
Is 16 a factor of 1596851?
False
Is 54 a factor of 6872267?
False
Is 28 a factor of 128856?
True
Is 91352 a multiple of 152?
True
Is 602976 a multiple of 12?
True
Does 24 divide 157548?
False
Is 602574 a multiple of 7?
True
Is 24723 a multiple of 343?
False
Is 72 a factor of 192687?
False
Is 117321 a multiple of 23?
False
Does 43 divide 126926?
False
Does 44 divide 829336?
False
Is 8393994 a multiple of 307?
True
Does 10 divide 2046870?
True
Is 2181289 a multiple of 4?
False
Does 533 divide 441369?
False
Is 74 a factor of 4805634?
True
Does 58 divide 2991227?
False
Is 6689725 a multiple of 49?
True
Is 8611637 a multiple of 18?
False
Is 7 a factor of 376953?
False
Does 8 divide 7556056?
True
Does 29 divide 457271?
False
Does 26 divide 330051?
False
Is 22188898 a multiple of 798?
False
Does 33 divide 665643?
True
Does 87 divide 237162?
True
Is 265378 a multiple of 41?
False
Does 92 divide 281056?
False
Is 405000 a multiple of 304?
False
Is 7 a factor of 80469?
False
Does 41 divide 3193576?
False
Is 154220 a multiple of 10?
True
Is 343676 a multiple of 3?
False
Does 358 divide 613219?
False
Does 25 divide 135200?
True
Does 274 divide 314004?
True
Is 23 a factor of 14557849?
False
Is 299 a factor of 2346552?
True
Is 99 a factor of 42386?
False
Is 24429 a multiple of 21?
False
Is 66 a factor of 2802162?
True
Is 2619450 a multiple of 229?
False
Does 12 divide 649748?
False
Does 10 divide 436763?
False
Is 54152 a multiple of 142?
False
Does 21 divide 46431?
True
Is 76011 a multiple of 374?
False
Is 732132 a multiple of 9?
True
Is 748209 a multiple of 861?
True
Does 24 divide 2981605?
False
Is 34 a factor of 1619998?
True
Does 31 divide 1379130?
False
Is 4035 a multiple of 3?
True
Is 103262 a multiple of 64?
False
Is 13 a factor of 2170363?
True
Does 46 divide 5896050?
True
Is 11 a factor of 5954?
False
Does 11 divide 99430?
False
Is 17089 a multiple of 291?
False
Does 9 divide 421507?
False
Is 9 a factor of 834849?
True
Is 45 a factor of 279180?
True
Does 16 divide 4328948?
False
Is 53244 a multiple of 2?
True
Is 5340352 a multiple of 123?
False
Is 484 a factor of 176176?
True
Does 138 divide 66516?
True
Is 6523517 a multiple of 143?
True
Does 630 divide 374850?
True
Is 657 a factor of 866154?
False
Is 22 a factor of 249138?
False
Is 5 a factor of 1939690?
True
Is 228933 a multiple of 34?
False
Is 6 a factor of 16270185?
False
Is 5877446 a multiple of 54?
False
Does 693 divide 588266?
False
Is 1121707 a multiple of 11?
False
Does 37 divide 153267?
False
Does 306 divide 1857660?
False
Is 267 a factor of 664296?
True
Does 2 divide 146750?
True
Is 393 a factor of 14182584?
True
Is 54 a factor of 717822?
True
Is 352 a multiple of 16?
True
Is 11 a factor of 1174536?
True
Does 305 divide 143064?
False
Is 600208 a multiple of 23?
True
Is 4 a factor of 44891?
False
Is 18 a factor of 1746484?
False
Is 4 a factor of 178938?
False
Does 3 divide 60665?
False
Is 114 a factor of 1883850?
True
Does 26 divide 359008?
True
Is 897920 a multiple of 460?
True
Is 1952 a factor of 14725167?
False
Is 202768 a multiple of 46?
True
Does 3 divide 17121?
True
Is 31623 a multiple of 127?
True
Is 5099437 a multiple of 131?
True
Is 8 a factor of 28532?
False
Is 3399249 a multiple of 10?
False
Is 3609761 a multiple of 307?
False
Does 54 divide 65261?
False
Is 22 a factor of 6653025?
False
Is 106365 a multiple of 7?
True
Is 445 a factor of 3970799?
False
Does 18 divide 52525?
False
Is 14 a factor of 538006?
True
Is 9 a factor of 1436158?
False
Is 77596 a multiple of 328?
False
Is 461538 a multiple of 154?
True
Is 1464150 a multiple of 258?
True
Does 5 divide 5249849?
False
Is 331 a factor of 10923?
True
Is 18 a factor of 619398?
True
Is 47 a factor of 4594814?
True
Is 15939 a multiple of 161?
True
Does 16 divide 8113128?
False
Is 19 a factor of 365693?
True
Does 14 divide 164038?
True
Is 866903 a multiple of 16?
False
Is 224680 a multiple of 17?
False
Is 25 a factor of 383750?
True
Does 77 divide 117628?
False
Does 43 divide 899667?